+ 33. Suppose k - i - 6 = 0. List the prime factors of k.
3
Let q(z) = -357*z + 406. List the prime factors of q(-8).
2, 7, 233
Suppose -4*g = g - 7275. Suppose 12 = -2*q, 5*q - 105000 = 4*j - 1403666. List the prime factors of j/g + (-2)/(-15)*-1.
223
Let c be (-2)/5 + (-18)/30. Let r be (-6)/(-18)*(-6)/c. Suppose -4*d - 2*o + 189 + 5 = 0, 0 = r*d + 2*o - 102. What are the prime factors of d?
2, 23
Suppose 36*r + 66239 - 2928995 = 0. What are the prime factors of r?
3, 13, 2039
Let w be ((-3)/4 - 0)*-124. Suppose -3*b = 4*l - w, -2*b - 75 = -3*l + b. List the prime factors of l.
2, 3
Let d = 48073 + -22315. What are the prime factors of d?
2, 3, 53
Let a be -10*((-21)/(-6))/((-2)/106). Suppose 2545 = 8*i - a. What are the prime factors of i?
2, 5, 11
Suppose -71633 + 296543 = 45*w. List the prime factors of w.
2, 3, 7, 17
Suppose -4*p + 206 = -7130. What are the prime factors of p?
2, 7, 131
Let f = -67 - -64. Let j be (-2)/f*15*5. Suppose -252 = -3*c + 3*y, 2*y + 31 + j = c. List the prime factors of c.
3, 29
Suppose 3*h = 790 + 1355. Suppose h*q = 714*q + 1823. List the prime factors of q.
1823
Suppose 216*u - 4438249 = -13*u. List the prime factors of u.
19381
Let x(j) = 9*j + 63. Let l be x(-7). Suppose 3*k - 25*k + 39446 = l. What are the prime factors of k?
11, 163
Let f(g) = 57*g**2 + 86*g + 534. List the prime factors of f(-14).
2, 59, 89
Suppose 2610687 = 307*q - 5266626. List the prime factors of q.
3, 2851
Suppose -l - j + 85522 = 2*l, -2*j = -4*l + 114016. List the prime factors of l.
2, 3, 4751
Let a = -12455 - -12498. Suppose 0 = -0*b - b + 88. Let p = a + b. List the prime factors of p.
131
Suppose 0 = -4434*z + 4407*z + 281610. List the prime factors of z.
2, 5, 7, 149
Let p(k) = -327*k + 152. What are the prime factors of p(-8)?
2, 173
Suppose 397*k = 369*k + 496944. List the prime factors of k.
2, 3, 17, 29
Let v(p) = -76*p - 6. Let f be v(-2). Let c = -56 + f. Suppose -4*d - 6 + c = 0. What are the prime factors of d?
3, 7
Let p be (91/28)/((-2)/8). Let n = p + 227. What are the prime factors of n?
2, 107
Let s = 46601 - 5677. List the prime factors of s.
2, 13, 787
Let n(d) = d**2 - 13*d + 16469. List the prime factors of n(0).
43, 383
List the prime factors of -11 + -2 + 9096 - 14.
3, 3023
Let q(n) = 136*n - 58. Let x be q(3). Let v = x - 111. List the prime factors of v.
239
Let u(l) = 142*l**2 + 46*l - 349. List the prime factors of u(18).
7, 29, 229
Let w(r) = 670*r + 1315. Let j(p) = -95*p - 188. Let g(o) = 15*j(o) + 2*w(o). List the prime factors of g(-13).
3, 5, 61
Let p be ((-3)/(-3))/(3*4/(-3492)). Let d = 48 - p. Suppose 0 = -3*i + d + 243. What are the prime factors of i?
2, 97
Let c be (-44)/(-110)*(1016 - 1). Suppose -4475 = -4*a - p, 3*p - 721 - c = -a. List the prime factors of a.
2, 13, 43
Let y be 1/((5 + -3)/(502 - 4)). Let j = y + -244. List the prime factors of j.
5
Suppose -42*y + 18364 = 2740. What are the prime factors of y?
2, 3, 31
Let u(j) be the third derivative of -j**6/120 + 2*j**5/15 - 7*j**4/24 + j**3/3 - 1877*j**2. Let q be (2/4)/((-2)/(-24)). What are the prime factors of u(q)?
2
Let y(w) = 17*w - 14. Let t be y(-6). Let a = -77 - t. Suppose -a - 20 = -h. What are the prime factors of h?
59
Let u(j) = 98*j**2 - 14*j + 6. Let x be 66/(-55)*15/(-6). List the prime factors of u(x).
2, 3, 47
Suppose -2*g - 3*y = -567, 16*g + 5*y - 849 = 13*g. List the prime factors of 1 + 3934/6 - (-96)/g.
3, 73
Suppose 4344 = -45*y + 46*y. Suppose -216 + y = 8*i. What are the prime factors of i?
2, 3, 43
Suppose -27 + 52 = 5*l. Let v = 11 - l. Suppose v*u - 740 = -194. What are the prime factors of u?
7, 13
Let t = -26785 + 38956. List the prime factors of t.
3, 4057
Let o(l) = -l**3 - 8*l**2 + 9*l + 4. Let q be o(-9). Suppose -4*u + 66 = -3*u + 4*b, -5*b = -q*u + 348. Suppose -87*c + u*c = -225. List the prime factors of c.
3, 5
Suppose -5*y + 10 = 0, -5*p + 7*y + 18695 = 12*y. What are the prime factors of p?
37, 101
Let g(c) = -c**3 + 39*c**2 + 61*c - 48. List the prime factors of g(40).
2, 3, 11
Let v be 4 + ((-11)/(-22))/(1/4). Suppose v*i - 1576 = 950. List the prime factors of i.
421
Let r be 2/3 + ((-28)/(-21))/(-2). Suppose -24*h - 11*h + 51205 = r. List the prime factors of h.
7, 11, 19
Let m = 5830 + -5638. What are the prime factors of m?
2, 3
Let t be (-2)/(-8) + (-2)/8. Suppose 0 = -5*k + 2*i + 23, 4*k + 57*i = 54*i. Suppose t = 3*u - k*v + v - 207, -u + 5*v = -56. List the prime factors of u.
71
Let a(g) = -g**3 + 130*g**2 + 237*g + 691. List the prime factors of a(129).
5, 11, 13, 67
Let i be (-7 - -15) + -6 - 8*184. Let u = i - -2577. What are the prime factors of u?
3, 41
Let f = 8155 - 7442. List the prime factors of f.
23, 31
Suppose -u = -44768 + 43673. What are the prime factors of u?
3, 5, 73
Let q(k) = -k**2 + 2*k + 21. Let w be q(6). Let x(i) = -4*i**3 + 3*i**2 + 3*i + 3. What are the prime factors of x(w)?
3, 43
Let m(j) = 10*j**2 - 4*j - 8. Let y(r) = -21*r**2 + 7*r + 15. Suppose -51 = -d - 48. Let l(h) = d*y(h) + 7*m(h). List the prime factors of l(-2).
31
Let t = -10634 + 31258. List the prime factors of t.
2, 1289
Let k be -1 + 2/3 + 65794/201. Let r = 538 - k. What are the prime factors of r?
211
Let q = 214 - 120. Let j be 3*(-20)/(-12)*3633/105. Let m = j - q. List the prime factors of m.
79
List the prime factors of ((-2)/(-3))/((-76)/(-917016)).
2, 2011
What are the prime factors of (8722 - 2) + (-9)/((-144)/112)?
3, 2909
Let x be ((-4)/10 + 1)/(6/30). Suppose 27 = 2*q + x*s, 5*q + s - 22 = 26. List the prime factors of q - ((-7)/(-14))/((-2)/(-12)).
2, 3
Let r be 28/6 - (-22)/66. Suppose -5*h + r*i + 16 = -9, -6 = 2*i. Suppose 5*b - 317 = -h*v, 0 = -3*v - b + 293 + 202. List the prime factors of v.
2, 83
Suppose 11*z - 4816 = -1296. Let h = 365 - z. List the prime factors of h.
3, 5
Suppose 4*z - 13 = -121. Let m be ((-104)/(-24))/((-1)/z). Suppose 3*c - m = 342. What are the prime factors of c?
3, 17
What are the prime factors of (5*872)/1 - (24 - 24)?
2, 5, 109
Suppose 2*z + m + 1351 = 0, -627 = z - 5*m + 21. List the prime factors of (z - (0 + -2))/(-14 + 13).
11, 61
Let y = 97 - 95. Suppose -y*g + 250 = -0*g - 2*o, 0 = g - 4*o - 125. List the prime factors of g.
5
Let d(c) = c**3 + 9*c**2 + 11*c + 26. Suppose 4*a = 5*a + 8. Let x be d(a). Suppose 0 = h + x, 2*u - 3*h = -5*h + 140. List the prime factors of u.
2, 3
Suppose 13*c + 1194 = -223. What are the prime factors of c/((-16)/3 + 5)?
3, 109
Let s = 47393 + -17692. What are the prime factors of s?
7, 4243
Let f = 8506 - 5791. List the prime factors of f.
3, 5, 181
Suppose 5*x = 3*q - 15, 4*x = -9*q + 4*q + 25. Suppose 4*m = 2*v + 726, 907 = q*m - 6*v + 4*v. List the prime factors of m.
181
Let a(h) = h**3 + h**2 + 12. Let y be a(0). Let p(w) = 32*w**2 - 22 - 903*w - 33*w**2 + 919*w. What are the prime factors of p(y)?
2, 13
Suppose 0 = 669*a - 662*a - 11207. Suppose -23*m + 5897 = -a. What are the prime factors of m?
2, 163
Let h(f) be the second derivative of -116*f**5/5 - f**4/12 - 5*f**3/6 - 5*f**2/2 + 3*f - 10. What are the prime factors of h(-1)?
463
Suppose 0 = 257*o - 255*o - 4*v - 31660, 15809 = o - 5*v. What are the prime factors of o?
2, 17, 233
Let l(i) = 1439*i - 16698. List the prime factors of l(32).
2, 5, 587
Suppose 308 - 20 = 16*v. List the prime factors of 6/v - ((-494)/3 - 0).
3, 5, 11
Suppose 38703 = 22*i - 118003. What are the prime factors of i?
17, 419
Suppose 6*k - k = -14*k. Suppose k = -5*j, -j + 3734 - 1149 = 5*x. List the prime factors of x.
11, 47
Let r = 930 - 262. Suppose 542 + r = 10*g. List the prime factors of g.
11
Let b(f) = 3*f**2 - 43*f - 7. Suppose -3*i = -i - 32. List the prime factors of b(i).
73
Let t be (-1 + (-2)/(-4))/(7/(-14)). List the prime factors of 145 - t*(-6)/2.
2, 37
Let v = 159 - 155. Suppose 7*p + 2*l = 9*p - 780, 5*p = v*l + 1950. List the prime factors of p.
2, 3, 5, 13
What are the prime factors of (-2)/(-9 - (8/35564 - 9))?
17, 523
Let a(n) = -13*n**2 + 11*n + 10. Let j be a(-10). What are the prime factors of (j - 3)/((-4)/4)?
23, 61
Let b(x) = 10*x**2 + 14*x + 31. Let g be b(-11). Suppose 4*n + g = 5383. List the prime factors of n.
2, 3, 179
Let w(t) = 92*t - 435. List the prime factors of w(6).
3, 13
Suppose -3*t = -5*v - 109697, t + 14625 = -2*v + 5